 = s - 4. Suppose r*n = -n. Let q(a) = -a**2 + 2. Determine q(n).
2
Let l(h) = h - 7. Suppose q - 6 = 1. Let y be l(q). Let o(g) = -g**3 - 9. Calculate o(y).
-9
Let j(b) = 2*b - 6. Suppose -5*i - 3*o = -15 - 35, 2*i + 5*o - 39 = 0. Calculate j(i).
8
Suppose -3*v + 4*v = 4. Let z(p) = p**2 + 6*p + v + 2*p - p. Determine z(-3).
-8
Let a = -47 + 48. Let o(t) = -4*t**2 + 1. Calculate o(a).
-3
Let t(f) = -f + 12. Let m(s) = -4*s + 36. Let h(x) = 2*m(x) - 7*t(x). Calculate h(-7).
-5
Let r(s) be the second derivative of s**5/20 + 5*s**4/12 - 2*s**3/3 - s**2 + 4*s. What is r(-6)?
-14
Let f be 4/(-10) - (-34)/10. Suppose 0 = 2*u - 5*u + 27. Suppose -f*h + 6 = -u. Let n(p) = p - 10. Calculate n(h).
-5
Let f(m) = 5 + m**2 - 8*m**3 + 18*m**3 - 2*m - 11*m**3 + 3*m**2. Give f(4).
-3
Let m(y) = y - 1. Let j be (-1 + 2)*(3 + 0). Suppose -5*s + 2*p - 35 = p, -j*s - 5*p + 7 = 0. Determine m(s).
-7
Let p(i) = 3*i**2 + 2*i + 4. Let f(o) = -o**2 - o - 1. Let d(v) = -4*f(v) - p(v). Give d(2).
8
Suppose -2*l - 3*a + 10 = 0, l = -4*l - a + 12. Let k(x) = x**3 - x**2 - 4*x + 3. Determine k(l).
-1
Let o(n) = -n**3 - 4*n**2 - 1. Let f(x) = -2*x**3 - 7*x**2 - 1. Let q be 2/3 - 32/12. Let y(p) = q*f(p) + 5*o(p). Give y(-6).
-3
Let t(s) = -2*s - 3. Let n(y) = y**3 - 6*y**2 + 3*y - 6. Let f be n(6). Let m be (f/(-1 + -2))/1. Let j be (-4 - m) + (-1 - 1). Calculate t(j).
1
Let n(m) = m**3 + 2*m - 1. Let k be n(1). Let l(b) = b**2 - b - 2. What is l(k)?
0
Suppose 2*s + 3*s - 10 = 0. Let k(q) = 5*q**2 + 0*q**2 - q + 0 - 1 - 4*q**s. Give k(0).
-1
Let p = -4 - -10. Let w(d) be the third derivative of d**4/12 - 7*d**3/6 + 13*d**2. Determine w(p).
5
Let f be ((-2)/(-3))/((-5)/15). Let j(q) = -3*q - 2. What is j(f)?
4
Let h(y) = 3*y - 3. Let b = 20 - 24. Suppose 3*d = r - 13, r + 0*r = 4*d + 15. Let f = r + b. Determine h(f).
6
Let v(m) = -3*m + 6. Suppose -40 = i - 5*i. Suppose 5*l = 5*a - i - 0, -4*a = 5*l - 26. What is v(a)?
-6
Let l be -3 + 3/1 + 3. Suppose 0 = l*x - 6*x + 12. Suppose -x*z - 3 = 5. Let v(c) = 7*c + 3. Give v(z).
-11
Let w(d) = 5*d + 23. Let z(q) = q + 6. Let p(v) = 2*w(v) - 9*z(v). Determine p(0).
-8
Let b(f) = 12*f + 1. Let i(u) = -u**3 + 7*u**2 - 5*u - 8. Let k be i(6). Calculate b(k).
-23
Suppose 3*a = -4*s + 24, -2*a + 5 = 2*s - 7. Let v(l) = l**3 - 7*l**2 + 8*l + 1. Determine v(s).
13
Let m be ((-1)/5)/((-24)/40). Let g(t) be the first derivative of -m*t**3 - 3*t + 2 - 2*t**2. Calculate g(-3).
0
Let q(z) = -1 + 0 - z**2 - 3*z**2. Let t be q(1). Let m(i) be the second derivative of i**3/6 + 5*i**2/2 - 2*i. Give m(t).
0
Let q be (0 - 2/2)/(-3). Let y(u) be the second derivative of q*u**3 + 0 + 5/2*u**2 - 3*u. Give y(-5).
-5
Let j(r) = -r**3 + 5*r**2 + 8*r - 8. Let o be (-9)/4*16/(-6). Calculate j(o).
4
Let o(k) = -2*k + 2*k - 4*k + 2*k - 2. Calculate o(-5).
8
Let m = -1 - -4. Let u(s) = 2*s - s - 3*s. Calculate u(m).
-6
Suppose -3*y + 21 = -10*y. Suppose 6 - 3 = -3*l - 3*c, 4*c + 10 = -5*l. Let s(t) = 4*t + 11. Let m(f) = f + 3. Let j(o) = l*s(o) + 22*m(o). What is j(y)?
6
Let t(x) be the third derivative of -x**4/24 + 5*x**3/6 + x**2. Let f(p) = -p**2 + 2*p. Let k be f(2). Suppose k = 5*m - m - 20. Give t(m).
0
Let b(g) be the first derivative of g**2/2 - g + 8. Calculate b(-2).
-3
Suppose y = -y + 2, -3*a - 3*y = -39. Suppose a = 3*u - 3*x, 2 + 3 = -5*x. Let c be ((-1)/u)/(1/(-3)). Let w(o) = 7*o - 1. What is w(c)?
6
Let l(v) = v + 5. Suppose -4*f - 9*f = 117. What is l(f)?
-4
Let t = 39 - 27. Let y = t - 0. Suppose 0 = -3*q + 4*q + 2*n + y, 0 = -5*q - 5*n - 40. Let k(h) = -h**2 - 5*h - 3. Determine k(q).
1
Let b(g) = g**3 - 5*g**2 - 2*g + 6. Suppose 9*x = 11 + 34. Calculate b(x).
-4
Let f = 29 + 163. Let h be 2/9 - f/(-108). Let w(a) be the third derivative of a**6/120 - a**5/20 - a**3/3 + 2*a**2. Give w(h).
-6
Let w(u) be the first derivative of -u**3/3 - 9*u**2/2 - 4*u - 10. Determine w(-6).
14
Let p(b) be the first derivative of b**6/360 - 7*b**5/120 + b**4/6 + 2*b**3 + 3. Let d(a) be the third derivative of p(a). Determine d(6).
-2
Let d(m) = -5*m - 6. Suppose -13 - 11 = -4*k. Let a(l) = 4*l + 5. Let n(z) = k*d(z) + 7*a(z). Suppose c - 3 = s - 0*s, -2*s = c + 3. What is n(s)?
3
Let g be 4/3*(-3)/2. Let x(m) = 3*m - 1. Determine x(g).
-7
Let t(j) = -1. Suppose -1 = a - 0*a. Let v(l) = -3*l - 6. Let r(w) = -w - 1. Let y(x) = -2*r(x) + v(x). Let q(z) = a*y(z) + 2*t(z). Calculate q(-2).
0
Let z(r) = r - 3. Let t be z(8). Let a(v) = -v**2 + 4*v + 7. Give a(t).
2
Let o be (-1 - 0)*2/(-2). Let f(l) = 3*l**2 + l**2 + 4*l - 5*l**2 + 2*l**2 + o. Let m be f(-3). Let d(g) = 4*g + 2. Give d(m).
-6
Let t(g) = 7*g**2 - 19*g + 3. Let j(a) = 3*a**2 - 9*a + 2. Let y(c) = -5*j(c) + 2*t(c). Calculate y(5).
6
Let s be 33/90 + 2/(-10). Let r(j) be the second derivative of 1/2*j**2 + j + s*j**3 + 0 - 3/10*j**5 + 0*j**4. Calculate r(-1).
6
Let o(f) = f**2 + 3*f - 6. Let w(g) = 2*g**2 + 5*g - 12. Let u(t) = -5*o(t) + 2*w(t). Give u(-6).
0
Let g(q) = -q + 3. Let i(r) = 2*r - 8. Let k be i(6). Suppose -3*x = 4*s - 14, -6 = -5*s + k. Let v be x + 1*(4 + -3). Determine g(v).
0
Let n(c) be the second derivative of c**4/12 + c**2/2 + 12*c. Give n(2).
5
Let h(c) = 2*c + 5. Let q be h(-4). Let x(y) = 3 + 4*y - 1 + 2. Determine x(q).
-8
Let j(u) be the second derivative of -u**5/20 + 5*u**4/12 - u**3 + 3*u**2/2 + 15*u. Let n = -1 + 21. Suppose 4*o + o = n. Calculate j(o).
-5
Let f(v) = v**2 + v - 3. Let h = 23 - 26. Give f(h).
3
Let f be 3*2/(-6) - 0. Let v(i) = -6*i**3 - i - 1. What is v(f)?
6
Let n(i) = -6*i + 56. Let s be n(10). Let y(w) = w**3 + 6*w**2 + 6*w + 5. Determine y(s).
13
Let a(u) = -2*u + 11. Let z be a(8). Let i(b) be the first derivative of -b**2 + b - 1. Give i(z).
11
Let s(r) = -r - 1. Let t(w) = 4*w + 12. Let l(y) = -5*s(y) - t(y). Let h = -8 + 5. Let p = h + 8. Determine l(p).
-2
Suppose -m - 3 = 5*f, 2*m + 4*f + 14 = 2*f. Let u = m - -8. Suppose u*k + 4 = -k. Let a(v) = v**2 + 6*v + 2. Determine a(k).
-6
Let y(m) = m**3 + 3*m**2 - 5*m - 6. Let s = 9 - 13. Calculate y(s).
-2
Suppose 5 = -68*r + 63*r. Let p(g) = -3*g + 1. What is p(r)?
4
Suppose -2*o + 3*o + 3 = 0. Let t(v) = 6*v + 1. Let k(n) = -n. Let h(y) = 15*k(y) + 3*t(y). Calculate h(o).
-6
Let l(u) be the first derivative of 1/3*u**3 + 0*u**2 - u + 1/2*u**4 + 3. Let v(t) = -t**2 + 3*t + 5. Let p be v(4). What is l(p)?
2
Let f(d) = -4*d + 3*d - 2*d - 4*d. Let n = 1 + -2. What is f(n)?
7
Suppose 5*f + 2*o - 20 = -3*o, 3*o - 3 = 0. Let m(s) = -f*s**2 + s**3 - 3 + 7*s**2 + 2. Determine m(-2).
7
Let i = 4 + -7. Let f(z) = -8*z - 2*z - z**2 + 8*z + 2. Give f(i).
-1
Let y(r) = -r**3 + 3*r**2 + 4. Let q(x) = x**3 - 3*x**2 - 4. Suppose 4*z = -14 + 38. Let w(n) = z*q(n) + 5*y(n). Calculate w(3).
-4
Let n(k) = 4*k**3 - 6*k**2 - k. Let f(b) = 4*b**3 - 5*b**2 - b. Let u(w) = 6*f(w) - 5*n(w). Let d = -9 - -1. Let o be (-1)/(-3) - d/(-6). What is u(o)?
-3
Let b(s) = s. Let t(d) = -14*d - 1. Let i(w) = 4*b(w) + t(w). Determine i(-1).
9
Let t(h) = -h**3 + h**2 + h - 3. Let d be t(0). Let x(c) = c. What is x(d)?
-3
Let y(j) be the third derivative of j**7/5040 - j**6/240 - j**5/60 - 3*j**2. Let d(u) be the third derivative of y(u). Determine d(6).
3
Let b(x) = x**3 + x**2 - 1. Let t(d) = -3*d**3 - 9*d**2 + 3*d - 2. Let p(g) = 4*b(g) + t(g). Calculate p(5).
9
Suppose 4*k + 38 = 18. Let y(a) = a - 1. Let x(i) = 2*i - 3. Let h(b) = x(b) - 3*y(b). Calculate h(k).
5
Let t(z) = 7*z + 7. Let g(o) = -11*o - 11. Let d(j) = 5*g(j) + 8*t(j). Give d(4).
5
Let w be 9 + (-1)/(-4)*4. Let f = w - 4. Let j(n) = n**2 - 7*n + 8. Calculate j(f).
2
Let q(r) be the first derivative of 1/4*r**4 + 4*r + 2 - 4/3*r**3 + 0*r**2. Give q(3).
-5
Let i(a) be the first derivative of -a**5/60 - 5*a**4/24 + 5*a**3/6 - 2*a**2 - 2. Let g(u) be the second derivative of i(u). Give g(-7).
-9
Let x(l) = 2 + 2*l**2 - 2*l + 3*l - 5*l. Let t be x(2). Suppose t*c + 4 = -4. Let m(d) = -d**3 - 3*d**2 + 3*d - 4. What is m(c)?
0
Let x(h) = -2 + h**2 - 4 + 4*h**2 + 5*h + 0*h. Let r(j) = j**2 + j - 1. Let l(s) = 6*r(s) - x(s). Determine l(-2).
2
Let w(o) = o**2 + 6*o + 3. Let y = -3 - -6. Suppose 35 = 2*k - y. Let s be 4/(-16) + k/(-4). What is w(s)?
-2
Let x(i) = 11*i + 4 - 6*i - 4*i. Give x(-4).
0
Let q(g) be the second derivative of -g**4/6 - g**3/6 + g**2 + 9*g. Cal